number?
False
Is 315220063 a prime number?
True
Is 89228083 composite?
True
Is 2592229555 composite?
True
Is 18051199 a composite number?
True
Is 14200805 a prime number?
False
Is 127244521 a prime number?
False
Is 276733 composite?
True
Is 49644323 a prime number?
True
Is 2137337 a composite number?
True
Is 34794007 composite?
False
Is 5619917 a prime number?
False
Is 564519427 prime?
True
Is 433009 prime?
False
Is 24343531 composite?
False
Is 38927587 a composite number?
False
Is 13552993 a prime number?
False
Is 270989 a composite number?
True
Is 244531961 a composite number?
True
Is 1203589 a composite number?
True
Is 10680911 a composite number?
True
Is 1131997 prime?
True
Is 17295583 a composite number?
True
Is 3591481 composite?
False
Is 24406481 a prime number?
False
Is 5900677 composite?
False
Is 51267721 a composite number?
True
Is 5981851 prime?
True
Is 18079841 prime?
False
Is 3154577 composite?
True
Is 76333 composite?
False
Is 91416235 a prime number?
False
Is 1914923 composite?
False
Is 16879169 a prime number?
True
Is 5219843 a prime number?
True
Is 2758397 composite?
False
Is 2246451 a composite number?
True
Is 13072757 prime?
True
Is 12946982 prime?
False
Is 113311057 a prime number?
False
Is 5049755 a composite number?
True
Is 21858409 a prime number?
False
Is 40099093 composite?
True
Is 233549 composite?
False
Is 142425967 a prime number?
False
Is 28509379 prime?
False
Is 199741561 composite?
True
Is 166160497 a prime number?
False
Is 236427 a prime number?
False
Is 2201273 a composite number?
False
Is 10997137 a composite number?
False
Is 5623517 prime?
True
Is 100758886 prime?
False
Is 5735747 composite?
False
Is 282157 a composite number?
False
Is 40064753 prime?
False
Is 79448977 a composite number?
False
Is 5239271 a prime number?
True
Is 16793453 a prime number?
True
Is 35114713 a prime number?
True
Is 3168077 composite?
True
Is 181235537 prime?
False
Is 1337374 a composite number?
True
Is 93041677 prime?
True
Is 13709491 composite?
False
Is 280104401 a composite number?
False
Is 11431865 prime?
False
Is 14777633 a prime number?
False
Is 9249499 a prime number?
False
Is 4206143 prime?
False
Is 11434123 a prime number?
True
Is 35740043 a composite number?
True
Is 617532607 a prime number?
True
Is 611791 a prime number?
True
Is 4457581 a composite number?
True
Is 3235319 a composite number?
False
Is 53572111 a composite number?
False
Is 2730901 a prime number?
False
Is 106746011 prime?
True
Is 143446183 a composite number?
False
Is 47141279 a composite number?
False
Is 36899971 a composite number?
True
Is 5522087 composite?
True
Is 5041781 composite?
True
Is 185705383 a prime number?
True
Is 157307923 a prime number?
True
Is 1027781 prime?
False
Is 59432273 a prime number?
True
Is 2417399 prime?
True
Is 18221579 composite?
True
Is 18227081 a prime number?
True
Is 9065559 composite?
True
Is 7378549 composite?
False
Is 47809511 a composite number?
False
Is 44596649 a composite number?
True
Is 7876607 prime?
True
Is 27024211 a composite number?
False
Is 125640911 a prime number?
False
Is 542818 prime?
False
Is 36984329 composite?
False
Is 831353 a composite number?
True
Is 3851977 a prime number?
True
Is 715087 a prime number?
True
Is 1651753 composite?
True
Is 24502307 prime?
False
Is 26653051 a prime number?
True
Is 150501469 composite?
True
Is 50694167 prime?
True
Is 124739089 prime?
True
Is 44791521 prime?
False
Is 916733 composite?
False
Is 308216659 a prime number?
True
Is 9660697 prime?
False
Is 6110549 a composite number?
False
Is 30713279 composite?
False
Is 198294301 a composite number?
False
Is 80976131 prime?
True
Is 23795779 a composite number?
True
Is 174658841 a composite number?
True
Is 571171 composite?
True
Is 114508351 prime?
False
Is 211583 composite?
False
Is 1168143 prime?
False
Is 21878047 composite?
False
Is 52205777 prime?
False
Is 4495849 prime?
True
Is 86262941 composite?
True
Is 505363 a prime number?
False
Is 809089 prime?
False
Is 12828923 a prime number?
True
Is 532085677 a composite number?
True
Is 5195359 a prime number?
False
Is 134807 a prime number?
True
Is 42661681 a prime number?
False
Is 82101263 a composite number?
True
Is 16267547 a composite number?
False
Is 19941767 prime?
True
Is 70931369 a composite number?
False
Is 195172229 a prime number?
False
Is 1916597 composite?
True
Is 276246317 composite?
False
Is 79777 a composite number?
False
Is 6472667 composite?
True
Is 1169059 prime?
True
Is 23658893 a prime number?
False
Is 13427579 prime?
False
Is 131733565 a composite number?
True
Is 5139073 prime?
True
Is 101715103 prime?
False
Is 14911529 a composite number?
True
Is 2968429 a composite number?
True
Is 3556045 a prime number?
False
Is 4591361 a prime number?
True
Is 2620883 composite?
False
Is 7812317 composite?
True
Is 9048211 a composite number?
True
Is 469892539 a prime number?
False
Is 148673519 prime?
False
Is 72583279 a composite number?
False
Is 2888498 composite?
True
Is 280877221 prime?
True
Is 89148911 prime?
True
Is 1156559821 a prime number?
False
Is 3559191 prime?
False
Is 13517005 a prime number?
False
Is 253469 a prime number?
True
Is 5552707 composite?
True
Is 348126073 composite?
False
Is 2077753 prime?
True
Is 329179 a prime number?
False
Is 1521850457 prime?
True
Is 31097023 a composite number?
False
Is 355497349 a prime number?
True
Is 8050481 prime?
True
Is 38014154 prime?
False
Is 78536599 a composite number?
True
Is 116329 a composite number?
False
Is 40093919 a prime number?
True
Is 13581471 a prime number?
False
Is 2355557 a composite number?
False
Is 64905251 a prime number?
False
Is 4336243 a prime number?
False
Is 2979994 a prime number?
False
Is 17675939 prime?
True
Is 98264683 composite?
True
Is 26909263 a prime number?
False
Is 20017 a prime number?
False
Is 4639753 prime?
False
Is 9634747 a prime number?
True
Is 75899 a prime number?
False
Is 271421993 prime?
True
Is 16450739 composite?
True
Is 212831911 composite?
False
Is 14695823 composite?
False
Is 64247005 prime?
False
Is 48068301 prime?
False
Is 5144471 a composite number?
False
Is 8009647 a prime number?
False
Is 2652263 a composite number?
True
Is 134812421 a prime number?
True
Is 2163049 a prime number?
False
Is 20005049 a composite number?
True
Is 2432791 a composite number?
False
Is 1483649 prime?
False
Is 8680123 a prime number?
False
Is 1381417 a composite number?
True
Is 19002439 composite?
True
Is 1893059 composite?
True
Is 77673941 composite?
True
Is 200754179 a prime number?
False
Is 33151641 composite?
True
Is 10470913 prime?
False
Is 60447713 prime?
False
Is 3286501 a prime number?
True
Is 3416923 composite?
True
Is 22417817 prime?
False
Is 2870347 prime?
False
Is 221223673 prime?
False
Is 27724759 composite?
True
Is 4403177 composite?
True
Is 4861121 prime?
True
Is 41454187 a composite number?
False
Is 5940917 a composite number?
True
Is 22750701 composite?
True
Is 13892863 composite?
False
Is 19154777 prime?
True
Is 2163109 a prime number?
False
Is 2702449 a composite number?
False
Is 3807707 a composite number?
True
Is 69343067 a prime number?
True
Is 12646177 a composite number?
False
Is 388237071 composite?
True
Is 83374367 prime?
False
Is 31901987 a prime number?
False
Is 153568237 a composite number?
False
Is 1633007 a prime number?
True
Is 65731646 a prime number?
False
Is 56914301 a composite number?
True
Is 35049853 prime?
True
Is 68361263 a prime number?
True
Is 51097379 composite?
False
Is 8036911 prime?
False
Is 4476235 prime?
False
Is 3940718 a composite number?
True
Is 33344261 composite?
True
Is 48269703 a prime number?
False
Is 47417899 prime?
False
Is 340193573 composite?
True
Is 87511783 a composite number?
False
Is 912718739 a prime number?
True
Is 18111061 composite?
False
Is 26760631 prime?
False
Is 593567 a prime number?
False
Is 238441939 a prime number?
False
Is 1780399 composite?
False
Is 72862151 prime?
True
Is 8499917 a composite number?
False
Is 13914683 prime?
True
Is 45523 a prime number?
True
Is 92499557 composite?
False
Is 25430267 a composite number?
False
Is 1164971 composite?
True
Is 9931681 prime?
False
Is 252022111 a prime number?
False
Is 5703427 a prime number?
True
Is 766993 a composite number?
True
Is 334637 composite?
False
Is 64